{"id":3875,"date":"2013-09-09T19:06:38","date_gmt":"2013-09-09T17:06:38","guid":{"rendered":"http:\/\/www.muenster.org\/fw-pensionaere\/?page_id=3875"},"modified":"2023-09-05T13:40:03","modified_gmt":"2023-09-05T11:40:03","slug":"gaestebuch","status":"publish","type":"page","link":"http:\/\/www.muenster.org\/fw-pensionaere\/?page_id=3875","title":{"rendered":"G\u00e4stebuch"},"content":{"rendered":"\n<div class=\"wp-block-group\"><div class=\"wp-block-group__inner-container is-layout-flow wp-block-group-is-layout-flow\">\n<div class=\"wp-block-group\"><div class=\"wp-block-group__inner-container is-layout-flow wp-block-group-is-layout-flow\"><div class=\"gwolle-gb\"><div class=\"gwolle_gb_messages_top_container\"><\/div>\n\t\t\t<div class=\"gwolle-gb-write-button\">\n\t\t\t\t<input type=\"button\" name=\"gwolle-gb-write-button\" class=\"button btn btn-default \" value=\"Neuen Eintrag schreiben\" \/>\n\t\t\t<\/div>\n\t\t\t<form action=\"#\" method=\"POST\" class=\"gwolle-gb-write gwolle-gb-hide gwolle-gb-float gwolle_gb_form_ajax gwolle-gb-form-ajax gwolle-gb-ajax gwolle-gb-not-logged-in\">\n\t\t\t\t<h3>Einen neuen Eintrag f\u00fcr das G\u00e4stebuch schreiben<\/h3>\n\t\t\t\t<button type=\"button\" class=\"gb-notice-dismiss\">x<span class=\"screen-reader-text\">Dieses Formular ausblenden<\/span><\/button>\n\t\t\t\n\t\t\t\t<input type=\"hidden\" name=\"gwolle_gb_function\" class=\"gwolle_gb_function\" value=\"add_entry\" \/><input type=\"hidden\" name=\"gwolle_gb_book_id\" class=\"gwolle_gb_book_id\" value=\"1\" \/><div class=\"gwolle_gb_540ee2c581b487f57076f9393566cd27\">\n\t\t\t\t<div class=\"label\"><label for=\"gwolle_gb_540ee2c581b487f57076f9393566cd27-1\" class=\"text-info\">Name <span class=\"required\">*<\/span><\/label><\/div>\n\t\t\t\t<div class=\"input\"><input class=\"wp-exclude-emoji gwolle_gb_540ee2c581b487f57076f9393566cd27\" value=\"\" type=\"text\" id=\"gwolle_gb_540ee2c581b487f57076f9393566cd27-1\" name=\"gwolle_gb_540ee2c581b487f57076f9393566cd27\" required \/><\/div>\n\t\t\t\t<div class=\"clearBoth\">&nbsp;<\/div>\n\t\t\t<\/div><div class=\"gwolle_gb_d0e81014d63fa9bb83dd87bfb42b8a69\">\n\t\t\t\t\t<div class=\"label\"><label for=\"gwolle_gb_d0e81014d63fa9bb83dd87bfb42b8a69-1\" class=\"text-info\">Stadt <span class=\"required\">*<\/span><\/label><\/div>\n\t\t\t\t\t<div class=\"input\"><input class=\"wp-exclude-emoji gwolle_gb_d0e81014d63fa9bb83dd87bfb42b8a69\" value=\"\" type=\"text\" id=\"gwolle_gb_d0e81014d63fa9bb83dd87bfb42b8a69-1\" name=\"gwolle_gb_d0e81014d63fa9bb83dd87bfb42b8a69\" required \/><\/div>\n\t\t\t\t\t<div class=\"clearBoth\">&nbsp;<\/div>\n\t\t\t\t<\/div><div class=\"gwolle_gb_a853c68ba91feebcb8ee17fa2b435e02\">\n\t\t\t\t<div class=\"label\"><label for=\"gwolle_gb_a853c68ba91feebcb8ee17fa2b435e02-1\" class=\"text-info\">E-Mail <span class=\"required\">*<\/span><\/label><\/div>\n\t\t\t\t<div class=\"input\"><input class=\"gwolle_gb_a853c68ba91feebcb8ee17fa2b435e02\" value=\"\" type=\"email\" id=\"gwolle_gb_a853c68ba91feebcb8ee17fa2b435e02-1\" name=\"gwolle_gb_a853c68ba91feebcb8ee17fa2b435e02\" required \/><\/div>\n\t\t\t\t<div class=\"clearBoth\">&nbsp;<\/div>\n\t\t\t<\/div><div class=\"gwolle_gb_24eaa66b1e9ba601e91712a46e94b530\">\n\t\t\t\t<div class=\"label\"><label for=\"gwolle_gb_24eaa66b1e9ba601e91712a46e94b530-1\" class=\"text-info\">Website<\/label><\/div>\n\t\t\t\t<div class=\"input\"><input class=\"gwolle_gb_24eaa66b1e9ba601e91712a46e94b530\" value=\"\" type=\"url\" id=\"gwolle_gb_24eaa66b1e9ba601e91712a46e94b530-1\" name=\"gwolle_gb_24eaa66b1e9ba601e91712a46e94b530\" \/><\/div>\n\t\t\t\t<div class=\"clearBoth\">&nbsp;<\/div>\n\t\t\t<\/div>\n\t\t\t<div class=\"gwolle_gb_7008ccbd69c0ec63247e0beb7dcd7af5\" style=\"display:none;overflow:hidden;\" hidden=\"true\" aria-hidden=\"true\">\n\t\t\t\t<div class=\"label\">\n\t\t\t\t\t<label for=\"gwolle_gb_7008ccbd69c0ec63247e0beb7dcd7af5-1\" class=\"text-primary\">Hier nichts eingeben<\/label>\n\t\t\t\t\t<label for=\"gwolle_gb_e548f3f214151182769533063348d990-1\" class=\"text-primary\">Hier nichts eingeben<\/label>\n\t\t\t\t<\/div>\n\t\t\t\t<div class=\"input\">\n\t\t\t\t\t<input value=\"58\" type=\"text\" id=\"gwolle_gb_7008ccbd69c0ec63247e0beb7dcd7af5-1\" name=\"gwolle_gb_7008ccbd69c0ec63247e0beb7dcd7af5\" class=\"gwolle_gb_7008ccbd69c0ec63247e0beb7dcd7af5\" style=\"transform: translateY(10000px);\" \/>\n\t\t\t\t\t<input value=\"\" type=\"text\" name=\"gwolle_gb_e548f3f214151182769533063348d990\" id=\"gwolle_gb_e548f3f214151182769533063348d990-1\" class=\"gwolle_gb_e548f3f214151182769533063348d990\" style=\"transform: translateY(10000px);\" \/>\n\t\t\t\t<\/div>\n\t\t\t\t<div class=\"clearBoth\"><\/div>\n\t\t\t<\/div>\n\t\t\t<div class=\"gwolle_gb_e32720bbac722a0603f46f15d8091be5\" style=\"display:none;overflow:hidden;\" hidden=\"true\" aria-hidden=\"true\">\n\t\t\t\t<div class=\"label\">\n\t\t\t\t\t<label for=\"gwolle_gb_e32720bbac722a0603f46f15d8091be5-1\" class=\"text-primary\">Hier nichts eingeben<\/label>\n\t\t\t\t\t<label for=\"gwolle_gb_23b95c7992e5bb447a7fe25d465ee8f3-1\" class=\"text-primary\">Hier nichts eingeben<\/label>\n\t\t\t\t<\/div>\n\t\t\t\t<div class=\"input\">\n\t\t\t\t\t<input value=\"58852\" type=\"text\" id=\"gwolle_gb_e32720bbac722a0603f46f15d8091be5-1\" name=\"gwolle_gb_e32720bbac722a0603f46f15d8091be5\" class=\"gwolle_gb_e32720bbac722a0603f46f15d8091be5\" style=\"transform: translateY(10000px);\" \/>\n\t\t\t\t\t<input value=\"58852\" type=\"text\"id=\"gwolle_gb_23b95c7992e5bb447a7fe25d465ee8f3-1\" name=\"gwolle_gb_23b95c7992e5bb447a7fe25d465ee8f3\" class=\"gwolle_gb_23b95c7992e5bb447a7fe25d465ee8f3\" style=\"transform: translateY(10000px);\" \/>\n\t\t\t\t<\/div>\n\t\t\t\t<div class=\"clearBoth\"><\/div>\n\t\t\t<\/div><div class=\"gwolle_gb_content\">\n\t\t\t\t<div class=\"label\"><label for=\"gwolle_gb_content-1\" class=\"text-info\">G\u00e4stebucheintrag <span class=\"required\">*<\/span><\/label><\/div>\n\t\t\t\t<div class=\"input\"><textarea id=\"gwolle_gb_content-1\" name=\"gwolle_gb_content\" class=\"gwolle_gb_content wp-exclude-emoji\" required ><\/textarea><\/div>\n\t\t\t\t\t<div class=\"clearBoth\">&nbsp;<\/div>\n\t\t\t\t<\/div><input type=\"hidden\" class=\"gwolle_gb_be4533ffe6864e92f9b46cc16451e03c\" id=\"gwolle_gb_be4533ffe6864e92f9b46cc16451e03c-1\" name=\"gwolle_gb_be4533ffe6864e92f9b46cc16451e03c\" value=\"cf2cb83a4b\" \/>\n\t\t\t<div class=\"gwolle_gb_messages_bottom_container\"><\/div>\n\n\t\t\t<noscript><div class=\"no-js\">Warnung: Dieses Formular kann nur verwendet werden, wenn in deinem Browser JavaScript aktiviert ist.<\/div><\/noscript>\n\n\t\t\t<div class=\"gwolle_gb_submit\">\n\t\t\t\t<div class=\"label gwolle-gb-invisible text-muted\">&nbsp;<\/div>\n\t\t\t\t<div class=\"input\">\n\t\t\t\t\t<input type=\"submit\" name=\"gwolle_gb_submit\" class=\"gwolle_gb_submit button btn btn-primary \" value=\"Absenden\" \/>\n\t\t\t\t\t<span class=\"gwolle_gb_submit_ajax_icon\"><\/span>\n\t\t\t\n\t\t\t\t<\/div>\n\t\t\t\t<div class=\"clearBoth\">&nbsp;<\/div>\n\t\t\t<\/div>\n\n\t\t\t<div class=\"gwolle_gb_notice\">\n\t\t\t\tMit * gekennzeichnete Felder sind Pflichtfelder.<br \/>\r\nDie E-Mail-Adresse wird nicht ver\u00f6ffentlicht.<br \/>\r\nAus Sicherheitsgr\u00fcnden speichern wir die IP-Adresse 216.73.216.91.<br \/>\r\nEs k\u00f6nnte sein, dass der Eintrag im G\u00e4stebuch erst sichtbar ist, nachdem wir ihn gepr\u00fcft haben.<br \/>\r\nWir behalten uns das Recht vor, Eintr\u00e4ge zu bearbeiten, zu l\u00f6schen oder Eintr\u00e4ge nicht zu ver\u00f6ffentlichen.\n\t\t\t<\/div><\/form><div class=\"gwolle-gb-read gwolle-gb-ajax gwolle-gb-entries-list\" data-book_id=\"1\" data-page_id=\"1\">\n\t\t<div id=\"gwolle-gb-total\" class=\"gwolle-gb-total\">4 Eintr\u00e4ge<\/div><!-- Gwolle-GB Entry: Default Template Loaded -->\n\t\t\t\t<div class=\"gb-entry gb-entry_85 gb-entry-count_1 gwolle_gb_uneven gwolle-gb-uneven gwolle-gb-first\" id=\"gb-entry_85\" data-entry_id=\"85\">\n\t\t\t\t<article>\n\t\t\t\t\t<div class=\"gb-author-info\">\n\t\t\t\t\t\t<span class=\"gb-author-avatar\"><img referrerpolicy=\"no-referrer\" alt='Sven Dannenberg' src='https:\/\/secure.gravatar.com\/avatar\/e99b126dc053639a315967f42bc14d702a4d864c7e0a69d5a0688eddb943aaf0?s=32&#038;d=mm&#038;r=g' srcset='https:\/\/secure.gravatar.com\/avatar\/e99b126dc053639a315967f42bc14d702a4d864c7e0a69d5a0688eddb943aaf0?s=64&#038;d=mm&#038;r=g 2x' class='avatar avatar-32 photo' height='32' width='32' \/><\/span>\n\t\t\t\t\t\t<span class=\"gb-author-name\">Sven Dannenberg\n\t\t\t\t\t\t<\/span>\n\t\t\t\t\t\t<span class=\"gb-author-origin\">\n\t\t\t\t\t\t\t<span class=\"gb-author-origin-from-text\"> aus<\/span>\n\t\t\t\t\t\t\t<span class=\"gb-author-origin-text\"> Cobbelsdorf<\/span>\n\t\t\t\t\t\t<\/span>\n\t\t\t\t\t\t<span class=\"gb-datetime\">\n\t\t\t\t\t\t\t<span class=\"gb-date\"><span class=\"gb-date-wrote-text\"> schrieb am<\/span><span class=\"gb-date-text\"> 7. August 2019<\/span>\n\t\t\t\t\t\t\t<\/span><span class=\"gb-time\">\n\t\t\t\t\t\t\t\t\t<span class=\"gb-time-at-text\"> um<\/span>\n\t\t\t\t\t\t\t\t\t<span class=\"gb-time-text\"> 17:21<\/span>\n\t\t\t\t\t\t\t\t<\/span>\n\t\t\t\t\t\t<\/span> \n\t\t\t\t\t<\/div>\n\t\t\t\t\t<div class=\"gb-entry-content\">Hallo ehemalige Kollegen,bin grad beim st\u00f6bern im Netz auf Eurer Seite &#034;h\u00e4ngen geblieben&#034;...echt sch\u00f6n mal wieder die alten bekannten Gesichter zu sehen !! Da kommen viele Erinnerungen hoch,da ich ja fast 19 Jahre bei der BF Familie gearbeitet habe (1996 bis 2015)\r\nIhr habt da echt eine sch\u00f6ne Website gestaltet !!!\r\n\r\nGanz liebe Gr\u00fc\u00dfe aus dem sch\u00f6nen Sachsen-Anhalt vom &#034;Danne&#034; oder auch &#034;Ossi 4&#034;...lach...(arbeite jetzt bei der Berufsfeuerwehr Dessau)\r\nVielleicht kennen mich ja noch einige von Euch ?!\r\nIn diesem Sinne...macht so weiter\n\t\t\t\t\t<\/div>\n\t\t\t\t\t<div class=\"gb-entry-admin_reply\">\n\t\t\t\t\t\t<div class=\"gb-admin_reply_uid gb-admin-reply-uid\">\n\t\t\t\t\t\t\t<em>Administrator-Antwort von: Rolf Burbank<\/em>\n\t\t\t\t\t\t<\/div> \n\t\t\t\t\t\t<div class=\"gb-admin_reply_content gb-admin-reply-content\">\n\t\t\t\t\t\tHallo Sven, sch\u00f6n da\u00df Dir unsere Homepage gef\u00e4llt. \r\nBei unserem n\u00e4chsten Pension\u00e4rs-Treffen am 02.09. werde ich f\u00fcr alle, die  Deinen Eintrag nicht gelesen haben, dar\u00fcber berichten. \r\n\r\nLiebe Gr\u00fc\u00dfe aus M\u00fcnster\n\t\t\t\t\t\t<\/div>\n\t\t\t\t\t<\/div>\n\t\t\t\t<\/article>\n\t\t\t<\/div>\n\t\t\t<div class=\"gb-entry gb-entry_84 gb-entry-count_2 gwolle_gb_even gwolle-gb-even\" id=\"gb-entry_84\" data-entry_id=\"84\">\n\t\t\t\t<article>\n\t\t\t\t\t<div class=\"gb-author-info\">\n\t\t\t\t\t\t<span class=\"gb-author-avatar\"><img referrerpolicy=\"no-referrer\" alt='Annette' src='https:\/\/secure.gravatar.com\/avatar\/f11b42e6c707a3985612bbe544805598835b90072cbacbfc08e6d2fe4f7d19eb?s=32&#038;d=mm&#038;r=g' srcset='https:\/\/secure.gravatar.com\/avatar\/f11b42e6c707a3985612bbe544805598835b90072cbacbfc08e6d2fe4f7d19eb?s=64&#038;d=mm&#038;r=g 2x' class='avatar avatar-32 photo' height='32' width='32' \/><\/span>\n\t\t\t\t\t\t<span class=\"gb-author-name\">Annette\n\t\t\t\t\t\t<\/span>\n\t\t\t\t\t\t<span class=\"gb-author-origin\">\n\t\t\t\t\t\t\t<span class=\"gb-author-origin-from-text\"> aus<\/span>\n\t\t\t\t\t\t\t<span class=\"gb-author-origin-text\"> M\u00fcnster<\/span>\n\t\t\t\t\t\t<\/span>\n\t\t\t\t\t\t<span class=\"gb-datetime\">\n\t\t\t\t\t\t\t<span class=\"gb-date\"><span class=\"gb-date-wrote-text\"> schrieb am<\/span><span class=\"gb-date-text\"> 10. April 2019<\/span>\n\t\t\t\t\t\t\t<\/span><span class=\"gb-time\">\n\t\t\t\t\t\t\t\t\t<span class=\"gb-time-at-text\"> um<\/span>\n\t\t\t\t\t\t\t\t\t<span class=\"gb-time-text\"> 15:23<\/span>\n\t\t\t\t\t\t\t\t<\/span>\n\t\t\t\t\t\t<\/span> \n\t\t\t\t\t<\/div>\n\t\t\t\t\t<div class=\"gb-entry-content\">Hallo zusammen,\r\n\r\ndurch Zufall bin ich auf der Seite der &#034;BF Pension\u00e4re&#034; gelandet....\r\nSchaue mir einiges an und stelle fest, dass auch ich, obwohl noch nicht pensioniert,aber schon \u00fcber 20 Jahre nicht mehr bei der BF,  im &#034;Cinema&#034; verewigt bin. Im kleinen Filmchen vom 25.03.2010 \u00fcber &#034;Flori&#034; komme ich gerade aus meinem damaligen B\u00fcro bei der Stadtkasse....und bin im Hintergrund hinter Flori zu erkennen.\r\nGr\u00fc\u00dfe an alle Pension\u00e4re, die mich noch kennen!\r\nAnnette\n\t\t\t\t\t<\/div>\n\t\t\t\t\t<div class=\"gb-entry-admin_reply\">\n\t\t\t\t\t\t<div class=\"gb-admin_reply_uid gb-admin-reply-uid\">\n\t\t\t\t\t\t\t<em>Administrator-Antwort von: Rolf Burbank<\/em>\n\t\t\t\t\t\t<\/div> \n\t\t\t\t\t\t<div class=\"gb-admin_reply_content gb-admin-reply-content\">\n\t\t\t\t\t\tHallo Anette, ja tats\u00e4chlich! Den Film habe ich vor einigen Jahren aus Bildern zusammengeschnitten. Dich aber bislang nicht erkannt. Super! Die Gr\u00fc\u00dfe werden ich weitergeben.\n\t\t\t\t\t\t<\/div>\n\t\t\t\t\t<\/div>\n\t\t\t\t<\/article>\n\t\t\t<\/div>\n\t\t\t<div class=\"gb-entry gb-entry_5 gb-entry-count_3 gwolle_gb_uneven gwolle-gb-uneven\" id=\"gb-entry_5\" data-entry_id=\"5\">\n\t\t\t\t<article>\n\t\t\t\t\t<div class=\"gb-author-info\">\n\t\t\t\t\t\t<span class=\"gb-author-avatar\"><img referrerpolicy=\"no-referrer\" alt='Emder Wilhelm' src='https:\/\/secure.gravatar.com\/avatar\/4cff1f86d327490e82cedca486976ce0d5ae16321e741f7092accc783940e13d?s=32&#038;d=mm&#038;r=g' srcset='https:\/\/secure.gravatar.com\/avatar\/4cff1f86d327490e82cedca486976ce0d5ae16321e741f7092accc783940e13d?s=64&#038;d=mm&#038;r=g 2x' class='avatar avatar-32 photo' height='32' width='32' \/><\/span>\n\t\t\t\t\t\t<span class=\"gb-author-name\">Emder Wilhelm\n\t\t\t\t\t\t<\/span>\n\t\t\t\t\t\t<span class=\"gb-author-origin\">\n\t\t\t\t\t\t\t<span class=\"gb-author-origin-from-text\"> aus<\/span>\n\t\t\t\t\t\t\t<span class=\"gb-author-origin-text\"> Alters- +Ehrenabteilung FF Diemelsee<\/span>\n\t\t\t\t\t\t<\/span>\n\t\t\t\t\t\t<span class=\"gb-datetime\">\n\t\t\t\t\t\t\t<span class=\"gb-date\"><span class=\"gb-date-wrote-text\"> schrieb am<\/span><span class=\"gb-date-text\"> 17. Juli 2014<\/span>\n\t\t\t\t\t\t\t<\/span><span class=\"gb-time\">\n\t\t\t\t\t\t\t\t\t<span class=\"gb-time-at-text\"> um<\/span>\n\t\t\t\t\t\t\t\t\t<span class=\"gb-time-text\"> 19:30<\/span>\n\t\t\t\t\t\t\t\t<\/span>\n\t\t\t\t\t\t<\/span> \n\t\t\t\t\t<\/div>\n\t\t\t\t\t<div class=\"gb-entry-content\">Liebe Kameraden,\r\ndie oben genannten bedanken sich auf diesem Wege noch einmal ganz herzlich f\u00fcr den Empfang in M\u00fcnster\r\nund die informative Stadtf\u00fchrung.\r\nDie Besichtigung im IDF hat einigen\r\nKameraden die Augen gr\u00f6\u00dfer werden\r\nlassen, einfach genial.\r\nMit kameradschaftlichen Gr\u00fc\u00dfen\r\n\r\nW. Emde\n\t\t\t\t\t<\/div>\n\t\t\t\t<\/article>\n\t\t\t<\/div>\n\t\t\t<div class=\"gb-entry gb-entry_2 gb-entry-count_4 gwolle_gb_even gwolle-gb-even\" id=\"gb-entry_2\" data-entry_id=\"2\">\n\t\t\t\t<article>\n\t\t\t\t\t<div class=\"gb-author-info\">\n\t\t\t\t\t\t<span class=\"gb-author-avatar\"><img referrerpolicy=\"no-referrer\" alt='Siegfried Ueberfeld' src='https:\/\/secure.gravatar.com\/avatar\/23a5b43adc7100d340f9f19c3a80ea57606b89eacf0b6185b4e3531bf715d80e?s=32&#038;d=mm&#038;r=g' srcset='https:\/\/secure.gravatar.com\/avatar\/23a5b43adc7100d340f9f19c3a80ea57606b89eacf0b6185b4e3531bf715d80e?s=64&#038;d=mm&#038;r=g 2x' class='avatar avatar-32 photo' height='32' width='32' \/><\/span>\n\t\t\t\t\t\t<span class=\"gb-author-name\">Siegfried Ueberfeld\n\t\t\t\t\t\t<\/span>\n\t\t\t\t\t\t<span class=\"gb-datetime\">\n\t\t\t\t\t\t\t<span class=\"gb-date\"><span class=\"gb-date-wrote-text\"> schrieb am<\/span><span class=\"gb-date-text\"> 31. Dezember 2013<\/span>\n\t\t\t\t\t\t\t<\/span><span class=\"gb-time\">\n\t\t\t\t\t\t\t\t\t<span class=\"gb-time-at-text\"> um<\/span>\n\t\t\t\t\t\t\t\t\t<span class=\"gb-time-text\"> 16:59<\/span>\n\t\t\t\t\t\t\t\t<\/span>\n\t\t\t\t\t\t<\/span> \n\t\t\t\t\t<\/div>\n\t\t\t\t\t<div class=\"gb-entry-content\">Hallo Rolf u.Ludger, \r\nals noch Vorstands - Mitglied d.Pv.d.BF.MS m\u00f6chte ich die Gelegenheit auf diesem fortschrittlichen Wege nutzen, mich bei Euch zu bedanken.Dieser Weg der Kommunikation w\u00e4re nicht m\u00f6glich, wenn Ihr nicht die Bereistellung der Domain  erm\u00f6glicht h\u00e4ttet.\r\nIch denke,dass in den n\u00e4chsten Jahren diese Einrichtung jedes  Mitglied der Pens.-Dank Eueres Einsatzes- nutzen wird. \r\n\r\nSigi\n\t\t\t\t\t<\/div>\n\t\t\t\t<\/article>\n\t\t\t<\/div>\n\t\t\t<\/div><\/div>\n<\/div><\/div>\n<\/div><\/div>\n\n\n\n<p><\/p>\n","protected":false},"excerpt":{"rendered":"","protected":false},"author":5,"featured_media":0,"parent":0,"menu_order":0,"comment_status":"closed","ping_status":"open","template":"","meta":{"ngg_post_thumbnail":0,"footnotes":""},"class_list":["post-3875","page","type-page","status-publish","hentry"],"_links":{"self":[{"href":"http:\/\/www.muenster.org\/fw-pensionaere\/index.php?rest_route=\/wp\/v2\/pages\/3875","targetHints":{"allow":["GET"]}}],"collection":[{"href":"http:\/\/www.muenster.org\/fw-pensionaere\/index.php?rest_route=\/wp\/v2\/pages"}],"about":[{"href":"http:\/\/www.muenster.org\/fw-pensionaere\/index.php?rest_route=\/wp\/v2\/types\/page"}],"author":[{"embeddable":true,"href":"http:\/\/www.muenster.org\/fw-pensionaere\/index.php?rest_route=\/wp\/v2\/users\/5"}],"replies":[{"embeddable":true,"href":"http:\/\/www.muenster.org\/fw-pensionaere\/index.php?rest_route=%2Fwp%2Fv2%2Fcomments&post=3875"}],"version-history":[{"count":8,"href":"http:\/\/www.muenster.org\/fw-pensionaere\/index.php?rest_route=\/wp\/v2\/pages\/3875\/revisions"}],"predecessor-version":[{"id":9453,"href":"http:\/\/www.muenster.org\/fw-pensionaere\/index.php?rest_route=\/wp\/v2\/pages\/3875\/revisions\/9453"}],"wp:attachment":[{"href":"http:\/\/www.muenster.org\/fw-pensionaere\/index.php?rest_route=%2Fwp%2Fv2%2Fmedia&parent=3875"}],"curies":[{"name":"wp","href":"https:\/\/api.w.org\/{rel}","templated":true}]}}