{"id":56,"date":"2017-10-21T11:00:20","date_gmt":"2017-10-21T09:00:20","guid":{"rendered":"http:\/\/aikikaims.dingx.com\/?page_id=56"},"modified":"2026-01-20T12:59:29","modified_gmt":"2026-01-20T11:59:29","slug":"mitgliedschaft","status":"publish","type":"page","link":"http:\/\/www.muenster.org\/aikikai\/mitgliedschaft\/","title":{"rendered":"Mitgliedschaft"},"content":{"rendered":"<p>Der monatliche Vereinsbeitrag betr\u00e4gt f\u00fcr<\/p>\n<ul class=\"bulletlist\">\n<li>Kinder bis 14 Jahre: 10\u20ac<\/li>\n<li>Erm\u00e4\u00dfigte: 25\u20ac<\/li>\n<li>Erwachsene: 30\u20ac<\/li>\n<\/ul>\n<p>Der Austritt ist jederzeit zum Ende des Monats m\u00f6glich.<\/p>\n<p>Um Aikido kennenzulernen, k\u00f6nnen Interessierte in unserem Dojo jederzeit und ohne Voranmeldung zwei Wochen lang kostenlos am Anf\u00e4ngertraining teilnehmen, ohne in den Verein einzutreten.<\/p>\n<p>Nach dem zweiw\u00f6chigen Probetraining k\u00f6nnt Ihr bei uns weitertrainieren, indem Ihr Mitglied werdet. Hier findet Ihr die Aufnahmeantr\u00e4ge:<\/p>\n<p><span style=\"color: #99cc00;\"><a style=\"color: #99cc00;\" href=\"http:\/\/www.muenster.org\/aikikai\/wp-content\/uploads\/2022\/02\/Aufnahmeantrag-Februar-2022.pdf\"><strong>Erwachsene<\/strong><\/a><\/span><\/p>\n<p><span style=\"color: #99cc00;\"><strong><a style=\"color: #99cc00;\" href=\"http:\/\/www.muenster.org\/aikikai\/wp-content\/uploads\/2022\/06\/Aufnahmeantrag-Kinder-Februar-2022.pdf\">Kinder\/Jugendliche<\/a><\/strong><\/span><\/p>\n<p>Bitte die Formulare vollst\u00e4ndig ausf\u00fcllen und beim n\u00e4chsten Training mitbringen.<\/p>\n","protected":false},"excerpt":{"rendered":"<p>Der monatliche Vereinsbeitrag betr\u00e4gt f\u00fcr Kinder bis 14 Jahre: 10\u20ac Erm\u00e4\u00dfigte: 25\u20ac Erwachsene: 30\u20ac Der Austritt ist jederzeit zum Ende des Monats m\u00f6glich. Um Aikido [&#8230;]<\/p>\n","protected":false},"author":1,"featured_media":0,"parent":0,"menu_order":0,"comment_status":"closed","ping_status":"closed","template":"","meta":{"footnotes":""},"class_list":["post-56","page","type-page","status-publish","hentry"],"_links":{"self":[{"href":"http:\/\/www.muenster.org\/aikikai\/wp-json\/wp\/v2\/pages\/56","targetHints":{"allow":["GET"]}}],"collection":[{"href":"http:\/\/www.muenster.org\/aikikai\/wp-json\/wp\/v2\/pages"}],"about":[{"href":"http:\/\/www.muenster.org\/aikikai\/wp-json\/wp\/v2\/types\/page"}],"author":[{"embeddable":true,"href":"http:\/\/www.muenster.org\/aikikai\/wp-json\/wp\/v2\/users\/1"}],"replies":[{"embeddable":true,"href":"http:\/\/www.muenster.org\/aikikai\/wp-json\/wp\/v2\/comments?post=56"}],"version-history":[{"count":7,"href":"http:\/\/www.muenster.org\/aikikai\/wp-json\/wp\/v2\/pages\/56\/revisions"}],"predecessor-version":[{"id":1761,"href":"http:\/\/www.muenster.org\/aikikai\/wp-json\/wp\/v2\/pages\/56\/revisions\/1761"}],"wp:attachment":[{"href":"http:\/\/www.muenster.org\/aikikai\/wp-json\/wp\/v2\/media?parent=56"}],"curies":[{"name":"wp","href":"https:\/\/api.w.org\/{rel}","templated":true}]}}