{"id":837,"date":"2024-07-01T18:57:08","date_gmt":"2024-07-01T17:57:08","guid":{"rendered":"http:\/\/www.muenster.org\/LPost\/?page_id=837"},"modified":"2024-09-01T10:27:31","modified_gmt":"2024-09-01T09:27:31","slug":"vereinsheim-mieten","status":"publish","type":"page","link":"http:\/\/www.muenster.org\/LPost\/?page_id=837","title":{"rendered":"VEREINSHEIM MIETEN"},"content":{"rendered":"<p>Du suchst eine Location f\u00fcr deinen Geburtstag oder eine Sommerparty? Unser Vereinshaus im idyllischen Schrebergarten bietet die perfekte Location! Mit ausreichend Platz f\u00fcr bis zu 100 Personen, einer Zapftheke und einem sch\u00f6nen Au\u00dfenbereich, ist unser Vereinshaus ideal f\u00fcr gesellige Zusammenk\u00fcnfte. Bei Interesse gerne bei G\u00fcnter Preu\u00df (Stellvertretender Vorsitzender) melden.<\/p>\n<p>Tel.: 0151 57369277<\/p>\n<p><\/p>\n<hr class=\"wp-block-separator has-alpha-channel-opacity\"\/>\n<figure class=\"wp-block-image size-large\"><a href=\"http:\/\/www.muenster.org\/LPost\/wp-content\/uploads\/2024\/07\/vereinsheim2024.jpeg\"><img loading=\"lazy\" decoding=\"async\" width=\"1024\" height=\"576\" src=\"http:\/\/www.muenster.org\/LPost\/wp-content\/uploads\/2024\/07\/vereinsheim2024-1024x576.jpeg\" alt=\"\" class=\"wp-image-869\" srcset=\"http:\/\/www.muenster.org\/LPost\/wp-content\/uploads\/2024\/07\/vereinsheim2024-1024x576.jpeg 1024w, http:\/\/www.muenster.org\/LPost\/wp-content\/uploads\/2024\/07\/vereinsheim2024-300x169.jpeg 300w, http:\/\/www.muenster.org\/LPost\/wp-content\/uploads\/2024\/07\/vereinsheim2024-768x432.jpeg 768w, http:\/\/www.muenster.org\/LPost\/wp-content\/uploads\/2024\/07\/vereinsheim2024-1536x864.jpeg 1536w, http:\/\/www.muenster.org\/LPost\/wp-content\/uploads\/2024\/07\/vereinsheim2024.jpeg 2048w\" sizes=\"auto, (max-width: 1024px) 100vw, 1024px\" \/><\/a><\/figure>\n","protected":false},"excerpt":{"rendered":"<p>Du suchst eine Location f\u00fcr deinen Geburtstag oder eine Sommerparty? Unser Vereinshaus im idyllischen Schrebergarten bietet die perfekte Location! Mit ausreichend Platz f\u00fcr bis zu 100 Personen, einer Zapftheke und einem sch\u00f6nen Au\u00dfenbereich, ist unser Vereinshaus ideal f\u00fcr gesellige Zusammenk\u00fcnfte. Bei Interesse gerne bei G\u00fcnter Preu\u00df (Stellvertretender Vorsitzender) melden. Tel.: 0151 57369277<\/p>\n","protected":false},"author":8,"featured_media":0,"parent":0,"menu_order":0,"comment_status":"closed","ping_status":"closed","template":"","meta":{"footnotes":""},"class_list":["post-837","page","type-page","status-publish","hentry"],"_links":{"self":[{"href":"http:\/\/www.muenster.org\/LPost\/index.php?rest_route=\/wp\/v2\/pages\/837","targetHints":{"allow":["GET"]}}],"collection":[{"href":"http:\/\/www.muenster.org\/LPost\/index.php?rest_route=\/wp\/v2\/pages"}],"about":[{"href":"http:\/\/www.muenster.org\/LPost\/index.php?rest_route=\/wp\/v2\/types\/page"}],"author":[{"embeddable":true,"href":"http:\/\/www.muenster.org\/LPost\/index.php?rest_route=\/wp\/v2\/users\/8"}],"replies":[{"embeddable":true,"href":"http:\/\/www.muenster.org\/LPost\/index.php?rest_route=%2Fwp%2Fv2%2Fcomments&post=837"}],"version-history":[{"count":4,"href":"http:\/\/www.muenster.org\/LPost\/index.php?rest_route=\/wp\/v2\/pages\/837\/revisions"}],"predecessor-version":[{"id":899,"href":"http:\/\/www.muenster.org\/LPost\/index.php?rest_route=\/wp\/v2\/pages\/837\/revisions\/899"}],"wp:attachment":[{"href":"http:\/\/www.muenster.org\/LPost\/index.php?rest_route=%2Fwp%2Fv2%2Fmedia&parent=837"}],"curies":[{"name":"wp","href":"https:\/\/api.w.org\/{rel}","templated":true}]}}