{"id":41,"date":"2014-12-21T19:45:00","date_gmt":"2014-12-21T18:45:00","guid":{"rendered":"http:\/\/www.muenster.org\/lpost\/?page_id=41"},"modified":"2024-07-01T18:51:34","modified_gmt":"2024-07-01T17:51:34","slug":"die-geschichte-des-vereins-begann","status":"publish","type":"page","link":"http:\/\/www.muenster.org\/LPost\/?page_id=41","title":{"rendered":"Vereinsgeschichte"},"content":{"rendered":"<p>Am 14. November 1919 bildeten Postbeamte eine Interessengemeinschaft mit dem Ziel, einen Postgartenbauverein als eingetragene Genossenschaft mit beschr\u00e4nkter Haftung zu gr\u00fcnden. Im Fr\u00fchjahr 1920 gelang es dann, das dem Grafen Droste Vischering geh\u00f6rende, am L\u00fctkenbecker Weg liegende Grundst\u00fcck in der Gr\u00f6\u00dfe von 21.000qm zu pachten und zu Kleing\u00e4rten umzugestalten.<br \/>\nIm Fr\u00fchjahr 1923 schon wurde die Anlage zum ersten mal vergr\u00f6\u00dfert, indem ein Nachbargrundst\u00fcck von 6.500 qm dazu gepachtet wurde. Von 1919 bis 1939 wurde mit sehr viel Energie und Aufopferung vom Vorstand und den Mitgliedern die Genossenschaft geleitet und verwaltet.<br \/>\n1939 jedoch erf\u00fchr sie ihre Aufl\u00f6sung und wurde in den Kleingartenverein \u201eLebensfreude-Post\u201c e.V. als Rechtsnachfolger umbenannt.<\/p>\n<p><a href=\"http:\/\/www.muenster.org\/lpost\/wp-content\/uploads\/2014\/12\/antike-Postkutsche1.jpg\"><img loading=\"lazy\" decoding=\"async\" class=\"alignnone wp-image-97\" src=\"http:\/\/www.muenster.org\/lpost\/wp-content\/uploads\/2014\/12\/antike-Postkutsche1-300x205.jpg\" alt=\"antike Postkutsche\" width=\"335\" height=\"229\" srcset=\"http:\/\/www.muenster.org\/LPost\/wp-content\/uploads\/2014\/12\/antike-Postkutsche1-300x205.jpg 300w, http:\/\/www.muenster.org\/LPost\/wp-content\/uploads\/2014\/12\/antike-Postkutsche1.jpg 652w\" sizes=\"auto, (max-width: 335px) 100vw, 335px\" \/><\/a><br \/>\nDurch den zweiten Weltkrieg, der von 1939 bis 1945 w\u00fctete, wurde auch die Gartenanlage stark in Mitleidenschaft gezogen. Nicht weniger als 21 Bombeneinschl\u00e4ge richteten gro\u00dfe Verw\u00fcstungen an. Gartenlauben, viele Obstb\u00e4ume, Str\u00e4ucher, Hecken, Z\u00e4une und Drainagen wurden schwer besch\u00e4digt oder zerst\u00f6rt. Mit viel M\u00fche und Flei\u00df fingen alle Mitglieder wieder von vorn an und setzten ihre G\u00e4rten in den urspr\u00fcnglichen fruchtbaren und zierenden Zustand zur\u00fcck.<br \/>\nIm Jahr 1946 erfuhr das Gartengel\u00e4nde seine zweite Vergr\u00f6\u00dferung um 7.000 qm, so da\u00df die Anlage zu der Zeit aus 80 Kleing\u00e4rten in einer Gr\u00f6\u00dfe von durchschnittlich 400 qm bestand. Hier konnten die Mitglieder und deren Angeh\u00f6rige Ruhe und Entspannung finden.<br \/>\n1954 wurde diese Ruhe j\u00e4h durch den Neubau der Umgehungsstra\u00dfe unterbrochen. Die Trasse der Umgehungsstra\u00dfe f\u00fchrte mitten durch die Gartenanlage. Ihr fielen 9 G\u00e4rten zum Opfer und 7 G\u00e4rten verblieben auf der anderen Stra\u00dfenseite.<br \/>\nZu Beginn des Jahres 1964 machte sich eine Ver\u00e4nderung in der Gemeinschaft bemerkbar. Es kamen allm\u00e4hlich junge Mitglieder hinzu und mit ihnen und ihren Kindern kam mehr Leben und Geselligkeit in die Gartenanlage.<br \/>\n1971 wurde zum ersten Mal ein Gemeinschaftsgarten f\u00fcr Feste und Feierlichkeiten angelegt. Hier wurde der Grundstein f\u00fcr das allj\u00e4hrliche Sommerfest gelegt.<br \/>\n1978 wurde das Vereinshaus geplant und mit Hilfe vieler Kleing\u00e4rtner errichtet.<br \/>\nDas 60j\u00e4hrige konnte schon im eignen Vereinshaus begangen werden. Die Fl\u00e4che f\u00fcr die Allgemeinheit wurde vergr\u00f6\u00dfert, indem der Spielplatz verlegt und vergr\u00f6\u00dfert wurde, au\u00dferdem wurde ein Ger\u00e4tehaus errichtet.<br \/>\n1983 wurde die Kleingartenanlage um weitere 4 G\u00e4rten vergr\u00f6\u00dfert.<br \/>\nIm August 1984 wurde das 65j\u00e4hrige 2 Tage lang gefeiert. Zu den G\u00e4sten z\u00e4hlten auch Herr Landois und der Kiepenkerl. Kommunalpolitiker aller Fraktionen bekundeten durch ihr Erscheinen gro\u00dfes Interesse.<br \/>\n1989 wurde das 70j\u00e4hrige mit einem Riesenfest 3 Tage lang gefeiert.<br \/>\nNun stand 2009 das 90j\u00e4hrige Jubil\u00e4um an und das haben wir wieder ganz gro\u00df gefeiert.<br \/>\nAlle Vereinsmitglieder gaben ihr Bestes um ein unvergessliches Fest zu arrangieren.<br \/>\nEin buntes Programm f\u00fcr Gro\u00df und Klein sorgte f\u00fcr gute Laune und fr\u00f6hliche Gesichter.<br \/>\nJetzt haben wir 2019 das 100 j\u00e4hrige Bestehen unserer Kleingartenanlage gefeiert!\u00a0 1919 wurden die ersten beiden Kleingartenanlagen in M\u00fcnster gegr\u00fcndet und unsere war eine davon. Mit dem umfangreichen Festtagsprogramm haben wir uns und unsere G\u00e4ste auf eine Zeitreise in die Vergangenheit geschickt.\u00a0 Unsere G\u00e4ste, zu denen auch der Oberb\u00fcrgermeister Markus Lewe z\u00e4hlte, werden das Fest hoffentlich lange in sch\u00f6ner Erinnerung behalten.<br \/>\nSo erlebt das Vereinsleben H\u00f6hen und Tiefen. Aber es bleibt immer unsere Liebe zum Garten.<\/p>\n<p>Wir schreiben weiter flei\u00dfig an unserer Geschichte, und alle unsere Mitglieder und nat\u00fcrlich auch unsere Nachbarn sind aktive Personen in dieser Geschichte, auf die wir sehr stolz sind.<br \/>\nWir werden noch viele Gr\u00fcnde finden um zusammen zu feiern, und das n\u00e4chste Jubil\u00e4um oder das n\u00e4chste Sommerfest kommt bestimmt.<br \/>\nIn dieser Zeit von Corona ist unser Kleingartenverein wertvoller denn je.<\/p>\n<p><a href=\"http:\/\/www.muenster.org\/lpost\/wp-content\/uploads\/2015\/02\/13er-Briefkopf-bunt..jpg\"><img loading=\"lazy\" decoding=\"async\" class=\"alignnone wp-image-216\" src=\"http:\/\/www.muenster.org\/lpost\/wp-content\/uploads\/2015\/02\/13er-Briefkopf-bunt.-300x70.jpg\" alt=\"13er-Briefkopf bunt.\" width=\"407\" height=\"95\" srcset=\"http:\/\/www.muenster.org\/LPost\/wp-content\/uploads\/2015\/02\/13er-Briefkopf-bunt.-300x70.jpg 300w, http:\/\/www.muenster.org\/LPost\/wp-content\/uploads\/2015\/02\/13er-Briefkopf-bunt.-1024x239.jpg 1024w, http:\/\/www.muenster.org\/LPost\/wp-content\/uploads\/2015\/02\/13er-Briefkopf-bunt..jpg 1878w\" sizes=\"auto, (max-width: 407px) 100vw, 407px\" \/><\/a><\/p>\n","protected":false},"excerpt":{"rendered":"<p>Am 14. November 1919 bildeten Postbeamte eine Interessengemeinschaft mit dem Ziel, einen Postgartenbauverein als eingetragene Genossenschaft mit beschr\u00e4nkter Haftung zu gr\u00fcnden. Im Fr\u00fchjahr 1920 gelang es dann, das dem Grafen Droste Vischering geh\u00f6rende, am L\u00fctkenbecker Weg liegende Grundst\u00fcck in der Gr\u00f6\u00dfe von 21.000qm zu pachten und zu Kleing\u00e4rten umzugestalten. Im Fr\u00fchjahr 1923 schon wurde die [&hellip;]<\/p>\n","protected":false},"author":3,"featured_media":0,"parent":0,"menu_order":0,"comment_status":"closed","ping_status":"open","template":"","meta":{"footnotes":""},"class_list":["post-41","page","type-page","status-publish","hentry"],"_links":{"self":[{"href":"http:\/\/www.muenster.org\/LPost\/index.php?rest_route=\/wp\/v2\/pages\/41","targetHints":{"allow":["GET"]}}],"collection":[{"href":"http:\/\/www.muenster.org\/LPost\/index.php?rest_route=\/wp\/v2\/pages"}],"about":[{"href":"http:\/\/www.muenster.org\/LPost\/index.php?rest_route=\/wp\/v2\/types\/page"}],"author":[{"embeddable":true,"href":"http:\/\/www.muenster.org\/LPost\/index.php?rest_route=\/wp\/v2\/users\/3"}],"replies":[{"embeddable":true,"href":"http:\/\/www.muenster.org\/LPost\/index.php?rest_route=%2Fwp%2Fv2%2Fcomments&post=41"}],"version-history":[{"count":16,"href":"http:\/\/www.muenster.org\/LPost\/index.php?rest_route=\/wp\/v2\/pages\/41\/revisions"}],"predecessor-version":[{"id":831,"href":"http:\/\/www.muenster.org\/LPost\/index.php?rest_route=\/wp\/v2\/pages\/41\/revisions\/831"}],"wp:attachment":[{"href":"http:\/\/www.muenster.org\/LPost\/index.php?rest_route=%2Fwp%2Fv2%2Fmedia&parent=41"}],"curies":[{"name":"wp","href":"https:\/\/api.w.org\/{rel}","templated":true}]}}